3
Let f(s) = 6848*s + 19556. What is f(-3)?
-988
Let l(v) = -v**3 + 457*v**2 - 23485*v + 179. Calculate l(59).
2
Let u(q) = -2877*q - 322077. What is u(-112)?
147
Let r(z) = 28935*z - 607609. Give r(21).
26
Let r(f) = 3358*f - 554208. Determine r(165).
-138
Let g(y) = -681087*y - 5448720. Give g(-8).
-24
Let i(a) = -92*a - 18522. What is i(-200)?
-122
Let p(q) = -q**2 + 2159*q - 181766. What is p(88)?
482
Let d(h) = 5995*h - 107877. Calculate d(18).
33
Let g(c) = -c**3 + 9*c**2 - 287*c + 2524. Calculate g(9).
-59
Let h(m) = 78*m**2 + 855*m + 2229. What is h(-3)?
366
Let y(o) = -9321*o - 1668441. What is y(-179)?
18
Let f(s) = -9330*s - 65330. Calculate f(-7).
-20
Let i(j) = -j**3 - 67*j**2 - 59*j - 255. Calculate i(-66).
-717
Let i(r) = 40*r**2 + 9355*r - 107753. Give i(11).
-8
Let j(x) = -427*x - 1016. Calculate j(-4).
692
Let n(l) = -389*l**2 + 1103*l + 142. Calculate n(3).
-50
Let t(a) = -15*a**2 - 4606*a - 27604. Determine t(-6).
-508
Let l(p) = -2658*p + 50506. What is l(19)?
4
Let r(b) = -60*b**2 + 1248*b - 4611. Calculate r(16).
-3
Let y(z) = 2*z**3 + 440*z**2 + 5832*z + 13188. Give y(-206).
4
Let f(p) = 57*p**2 + 1643*p + 2. What is f(-29)?
292
Let n(g) = -204*g + 3319. Calculate n(17).
-149
Let x(h) = 753*h - 12710. Determine x(15).
-1415
Let b(g) = g**2 + 54653*g - 2735078. Give b(50).
72
Let j(b) = 4894*b + 1047313. Calculate j(-214).
-3
Let l(u) = 18*u**3 - 754*u**2 - 79*u - 311. What is l(42)?
-101
Let d(m) = 3*m**3 - 20*m**2 + 84*m - 55. What is d(8)?
873
Let p(i) = -81*i**2 + 2363*i - 450. Determine p(29).
-44
Let s(y) = 9376*y - 196137. Determine s(21).
759
Let u(a) = -3*a**3 + 103*a**2 + 282*a + 524. Calculate u(37).
6
Let f(w) = w**3 - 246*w**2 + 6856*w - 1709. Give f(214).
3
Let o(d) = 20227*d + 40459. Give o(-2).
5
Let o(x) = -2303*x - 3298. What is o(0)?
-3298
Let n(c) = -59*c**2 + 40*c - 7. Determine n(1).
-26
Let x(i) = 3*i**2 - 335*i + 632. What is x(112)?
744
Let f(p) = 7*p**3 + 65*p**2 + 117*p + 961. Determine f(-9).
70
Let s(u) = u**2 - 76*u - 1455397. Determine s(1245).
8
Let v(a) = -3*a**2 + 1929*a + 13590. Determine v(-7).
-60
Let w(j) = 4056*j + 158161. Give w(-39).
-23
Let k(s) = -2*s**3 + 150*s**2 + 33*s - 1712. Calculate k(75).
763
Let l(m) = -1285*m + 37163. What is l(29)?
-102
Let k(q) = 18833*q + 922877. Give k(-49).
60
Let i(u) = -153*u + 12198. Calculate i(49).
4701
Let r(t) = t**3 - 4*t**2 - 24709*t + 172813. What is r(7)?
-3
Let s(r) = -60732*r - 546586. Determine s(-9).
2
Let q(o) = 356*o - 75833. Give q(213).
-5
Let g(a) = 5992*a + 24336. Give g(-4).
368
Let r(t) = -t**3 + 1062*t**2 - 36865*t - 72841. Give r(1026).
5
Let w(l) = 2*l**3 + 13*l**2 - 607*l - 3620. Give w(-6).
58
Let h(d) = 1481*d + 53237. Determine h(-36).
-79
Let r(x) = -309922*x + 9917501. What is r(32)?
-3
Let c(f) = f**2 + 118036*f + 2124337. Give c(-18).
13
Let b(h) = -h**3 - 30*h**2 + 713*h + 21554. What is b(-29)?
36
Let b(d) = -20*d**3 - 210*d**2 + 93*d - 193. Give b(-11).
-6
Let s(h) = -4*h**2 + 60*h + 997. Give s(25).
-3
Let r(y) = 11138*y + 89396. Give r(-8).
292
Let h(x) = -8882*x - 71064. Calculate h(-8).
-8
Let y(j) = -36*j**2 + 627*j + 3136. What is y(-4)?
52
Let k(y) = 4*y**3 - 2008*y**2 - 3*y + 1054. Determine k(502).
-452
Let n(s) = 122*s + 20. What is n(-1)?
-102
Let x(n) = 2*n**3 - 95*n**2 + 46*n + 34. What is x(47)?
-13
Let h(y) = -y**2 - 32194*y + 1547648. Determine h(48).
32
Let s(j) = -911*j + 54404. Calculate s(61).
-1167
Let y(w) = w**3 + w**2 - 1676*w - 9757. Give y(-6).
119
Let p(m) = 7*m**3 - 96*m**2 - 140*m + 3425. Calculate p(12).
17
Let r(u) = 422*u**2 + 4782*u + 4. Give r(-11).
-1536
Let h(q) = -3*q**3 + 115*q**2 + 12*q + 2203. Determine h(39).
-371
Let q(w) = -120202*w + 1322226. What is q(11)?
4
Let m(f) = -6379*f - 5111. Give m(-1).
1268
Let s(y) = y**3 + 410*y**2 - 422*y - 4297. Determine s(-411).
224
Let s(p) = -24128*p + 72387. Determine s(3).
3
Let b(h) = 4110*h + 2050895. Determine b(-499).
5
Let m(y) = -67*y - 6903. Give m(-103).
-2
Let z(r) = -r**3 - 54*r**2 - 4199*r - 199952. Determine z(-50).
-2
Let j(m) = -8*m**2 + 195*m - 2. What is j(24)?
70
Let n(q) = q**3 + 71*q**2 + 538*q + 611. Determine n(-7).
-19
Let w(f) = -112*f**2 + 6100*f - 2770. What is w(54)?
38
Let m(l) = l**3 + 9*l**2 + 46*l + 65. Determine m(-6).
-103
Let y(x) = 115872*x - 347599. Determine y(3).
17
Let v(j) = -3*j**3 - 112*j**2 + 4170*j - 161. What is v(23)?
0
Let j(u) = 445*u + 30711. Give j(-69).
6
Let a(k) = -2*k**3 - 95*k**2 + 58*k - 92. Determine a(-48).
-572
Let l(c) = -939*c + 141942. Calculate l(151).
153
Let n(o) = 2*o**2 + 1554*o + 166218. Calculate n(-128).
74
Let w(h) = 2*h**3 + 21*h**2 + 1442*h + 19538. Calculate w(-13).
-53
Let p(s) = 5*s**2 + 211*s + 1182. Give p(-41).
936
Let y(c) = -2*c**3 + 17*c**2 + 44*c - 262. Determine y(6).
182
Let y(a) = 298*a**2 - 1667*a - 737. Determine y(6).
-11
Let o(j) = -5*j**3 + 1781*j**2 - 365*j + 3247. Calculate o(356).
43
Let q(r) = 3*r**3 + 10*r**2 + 411*r + 2119. What is q(-5)?
-61
Let v(d) = 1207*d + 387456. Determine v(-321).
9
Let a(p) = 2493*p + 17029. Calculate a(-9).
-5408
Let z(k) = -2*k**2 - 242010*k - 1693966. Calculate z(-7).
6
Let u(p) = -28139*p**2 + 253250*p + 9. Determine u(9).
0
Let b(n) = -137*n**3 + 2060*n**2 - 99*n + 409. Give b(15).
49
Let r(d) = 111*d + 60. Calculate r(6).
726
Let b(o) = -39266*o - 706791. Calculate b(-18).
-3
Let i(g) = 31*g**2 + 37*g - 17. Calculate i(7).
1761
Let n(s) = 6*s**2 - 84*s - 138. Give n(-3).
168
Let s(m) = 4*m**3 - 5*m**2 - 210*m + 313. Calculate s(8).
361
Let o(g) = -166*g + 9210. What is o(58)?
-418
Let l(p) = -p**3 - 329*p**2 - 12779*p + 308. What is l(-284)?
24
Let j(c) = -8*c**2 + 1855*c - 29642. Determine j(16).
-2010
Let q(r) = -r**2 - 19829*r + 575900. What is q(29)?
18
Let j(b) = 9*b**2 + 100*b - 7640. What is j(-35)?
-115
Let j(p) = p**3 - 102*p**2 + 305*p - 224. Calculate j(2).
-14
Let i(d) = -4*d**2 - 6940*d - 55244. Calculate i(-8).
20
Let d(w) = 41*w**2 + 863*w - 5354. Determine d(5).
-14
Let s(q) = 3130*q - 6481. What is s(2)?
-221
Let w(y) = -12*y**2 - 1961*y - 1509. Give w(-162).
1245
Let o(v) = -4*v**3 + 82*v**2 + 91*v - 2. What is o(-1)?
-7
Let d(f) = 4*f**2 - 17*f - 1348. Give d(-26).
1798
Let p(v) = 4*v**3 + 163*v**2 + 1677. Determine p(-41).
-4
Let n(k) = -53*k**2 - 4022*k - 71947. What is n(-47)?
10
Let b(s) = -3*s**2 + 1020*s - 17385. Determine b(18).
3
Let d(p) = p**3 - 5*p**2 + 67335*p - 67333. Calculate d(1).
-2
Let j(q) = 3*q**3 + 193*q**2 + 1332*q + 81125. Give j(-64).
-27
Let y(i) = i**2 - 9622*i + 4318806. Calculate y(472).
6
Let j(v) = 976*v + 757383. Calculate j(-776).
7
Let s(w) = -15*w**2 - 211*w + 375. Give s(-14).
389
Let u(j) = j**3 + 93*j**2 - 4492*j + 68. Determine u(35).
-352
Let n(b) = 3*b**2 + 169*b - 7320. What is n(29)?
104
Let f(s) = 44*s**2 + 2642*s + 191. Determine f(-60).
71
Let x(p) = -195226*p + 21865302. Calculate x(112).
-10
Let y(n) = n**3 + 52*n**2 + 517*n + 13486. Determine y(-47).
232
Let m(c) = 659*c**3 + 4614*c**2 + 9*c - 6. Determine m(-7).
-20
Let v(u) = -u**3 + 84*u**2 + 638*u + 252. Calculate v(91).
343
Let s(u) = -2*u**3 - 1911*u**2 + 10. Determine s(0).
10
Let i(l) = -2*l**2 - 228*l - 2446. What is i(-12)?
2
Let w(s) = 1656*s - 25914. Calculate w(16).
582
Let p(v) = -1547*v + 1684. Determine p(1).
137
Let l(d) = 23150*d - 92287. Calculate l(4).
313
Let k(i) = -107*i**2 - 304*i - 40. Determine k(-4).
-536
Let f(w) = -77*w**2 - 7*w + 14. Give f(2).
-308
Let m(r) = r**3 - 42*r**2 + 795*r - 10553. What is m(27)?
-23
Let y(k) = -4133*k + 91531. Give y(22).
605
Let z(g) = -4803*g + 38119. What is z(8)?
-305
Let a(j) = -6084*j + 1977296. Determine a(325).
-4
Let o(i) = 2275307*i**2 + 15927146*i - 15. Calculate o(-7).
6
Let c(x) = 3*x**2 + 984*x + 58483. Determine c(-250).
-17
Let a(b) = b**2 - 156*b + 4974. Calculate a(36).
654
Let o(q) = -47184*q**2 - 94384*q - 17. Calculate o(-2).
15
Let h(r) = -r**2 + 1562420*r + 20311625. Calculate h(-13).
-4
Let f(h) = -3857*h**2 + 57842*h + 169. What is f(15)?
-26
Let z(h) = -3*h**3 + 151*h - 760. Determine z(6).
-502
Let v(m) = -11*m**3 - 142*m**2 - 21*m - 37. What is v(-14)?
2609
Let g(o) = 18924*o + 170322. Calculate g(-9).
6
Let z(c) = 49*c**2 + 542*c + 31. Give z(-11).
-2
Let a(c) = -c**2 - 65*c - 175. Calculate a(-51)